4 + -34a11177?
-34a1117b
In base 15, what is 8c2799 - 0?
8c2799
In base 6, what is -141222441 - 243?
-141223124
In base 11, what is -30316aa7 + 1?
-30316aa6
In base 4, what is 32111110 - -20313?
32132023
In base 2, what is 110111001111010110 + -11110101?
110111001011100001
In base 12, what is 35465796 - 5?
35465791
In base 7, what is 1 + -1065042131?
-1065042130
In base 16, what is -40b49f8 - -4?
-40b49f4
In base 16, what is 5eb87c - -6?
5eb882
In base 10, what is -46121 - -332?
-45789
In base 8, what is -1 - -10156541?
10156540
In base 15, what is -4 + 848d65?
848d61
In base 12, what is 4 - 43a0913?
-43a090b
In base 2, what is 110010011110110000100 + 1011001?
110010011110111011101
In base 4, what is 332110103 - 32?
332110011
In base 6, what is -512 + 1450105?
1445153
In base 2, what is 11 - -100110101000010100010010?
100110101000010100010101
In base 7, what is 1141655002 - -3?
1141655005
In base 11, what is 1115101 - 54?
1115058
In base 6, what is -253222 - -1024313?
331051
In base 10, what is 7370 + 3937?
11307
In base 3, what is 220 - -211022122000?
211022122220
In base 16, what is -ae7a2a + c?
-ae7a1e
In base 13, what is 2a96c + 100?
2aa6c
In base 15, what is -162 - 878e?
-8901
In base 16, what is 575d40 + -3?
575d3d
In base 16, what is -6f266 + 6b?
-6f1fb
In base 15, what is -13a + -7d?
-1b8
In base 14, what is 2478a + -9a?
246d0
In base 8, what is 1655 - -637226?
641103
In base 11, what is -9a300 - 2385?
-a1685
In base 6, what is 11454020 - 4112?
11445504
In base 11, what is -261697 + -616?
-262202
In base 15, what is 141acea - 4?
141ace6
In base 14, what is 105235 - 63?
1051b2
In base 6, what is 5 - -13145441102?
13145441111
In base 3, what is 11 + -212012120001202111?
-212012120001202100
In base 14, what is 9aa32 + 14?
9aa46
In base 3, what is 112 - 212120021012?
-212120020200
In base 12, what is -3173a0087 + -2?
-3173a0089
In base 6, what is -20351 - 121434?
-142225
In base 12, what is 22a09a1b - 5?
22a09a16
In base 8, what is 1025564743 - 5?
1025564736
In base 6, what is -10145135145 - 12?
-10145135201
In base 8, what is -305677 + 37?
-305640
In base 7, what is 101662654 - -64?
101663051
In base 12, what is b427 + 1945?
11170
In base 15, what is 31527 - cb?
3144b
In base 6, what is -151 + 334402?
334211
In base 9, what is -522 + -512?
-1134
In base 7, what is -30604351 - -2?
-30604346
In base 2, what is 0 + -1100001111000110000110?
-1100001111000110000110
In base 2, what is 1000100101011111100011 - 110101?
1000100101011110101110
In base 9, what is -4 - 35330325?
-35330330
In base 16, what is -ba1c792 + 1?
-ba1c791
In base 7, what is -162144 - 11335?
-203512
In base 10, what is 2 - -1699567?
1699569
In base 8, what is 562273 - 30?
562243
In base 9, what is -1165704673 + 2?
-1165704671
In base 11, what is -4a6732 + 29?
-4a6704
In base 5, what is 20040344002 - 4?
20040343443
In base 14, what is -9 - 116a334?
-116a33d
In base 16, what is aef0f3 - -22?
aef115
In base 7, what is -13650004 - -12?
-13646662
In base 2, what is -1011011001 - -100110010001101110?
100110000110010101
In base 6, what is -211 - 134334?
-134545
In base 10, what is 343426 + -174?
343252
In base 5, what is -10400204203 + 3?
-10400204200
In base 7, what is 6040460 + 6?
6040466
In base 4, what is 10 + -33111203121?
-33111203111
In base 9, what is 3 - -276428682?
276428685
In base 11, what is 56671a6 - 10?
5667196
In base 12, what is 1b469 + -ab?
1b37a
In base 4, what is 1 - -333303203202?
333303203203
In base 7, what is -22 - 5311230?
-5311252
In base 4, what is -30210222 + 111203?
-30033013
In base 5, what is 3204220122 + 220?
3204220342
In base 16, what is 9042 - -24?
9066
In base 2, what is -1000111000010100001 + 100011?
-1000111000001111110
In base 9, what is 5108 + -4074?
1024
In base 3, what is -101 - 10201001220101?
-10201001220202
In base 5, what is 0 - 1002014231331?
-1002014231331
In base 10, what is -197634040 - 6?
-197634046
In base 11, what is a7 + -64989?
-64892
In base 8, what is -133540 + -1743?
-135503
In base 10, what is 30 + 8719045?
8719075
In base 9, what is 2 + 2871302?
2871304
In base 15, what is 41e0 - -1282?
5472
In base 7, what is -1324 - 644114?
-645441
In base 15, what is be3179 - -5?
be317e
In base 3, what is -1121 + 22202200?
22201002
In base 5, what is -234332013012 + -4?
-234332013021
In base 9, what is -374 + 43685?
43311
In base 10, what is -2532 + 2367?
-165
In base 2, what is -1000111100011011000001100100 - 1?
-1000111100011011000001100101
In base 16, what is a80 + 291a9?
29c29
In base 10, what is 1692268 + -5?
1692263
In base 14, what is 70 + -16c42d3?
-16c4263
In base 9, what is -31 - 20721?
-20752
In base 9, what is 143116 + -3264?
138742
In base 15, what is 5 - -a371186?
a37118b
In base 11, what is -10 + 6682a2?
668292
In base 11, what is a - -5a5939?
5a5948
In base 6, what is 540201001 + 1?
540201002
In base 8, what is 15651232 + 135?
15651367
In base 3, what is 1101112 - 1120121?
-12002
In base 9, what is -7 - 316404?
-316412
In base 11, what is -21043046 - -5?
-21043041
In base 10, what is 74172 - 94?
74078
In base 8, what is -213615 - 13461?
-227276
In base 11, what is 25a - -147353?
147602
In base 11, what is -4 - 463033?
-463037
In base 16, what is -1641fd + -24d?
-16444a
In base 4, what is 3200001 + 2002230?
11202231
In base 2, what is 111000 - -1011101000011011100?
1011101000100010100
In base 3, what is 2022121011100 - -121?
2022121011221
In base 9, what is 10186084 + 3?
10186087
In base 10, what is -38632 + -40?
-38672
In base 7, what is -26504 + 52461?
22654
In base 16, what is -4 + -6c4eaee?
-6c4eaf2
In base 2, what is -100010110111010 - 10110100100011?
-111001011011101
In base 4, what is -112331001 - -1133033?
-111131302
In base 13, what is 5 - -307470?
307475
In base 14, what is -23881 + -5?
-23886
In base 11, what is 1 - -4a493538?
4a493539
In base 5, what is -1343204 - 34103?
-1432312
In base 14, what is 1 + 8950d8?
8950d9
In base 13, what is -59 - 5760c?
-57668
In base 14, what is 12b - 15d0a?
-15bbd
In base 16, what is 2 + -7108b4?
-7108b2
In base 16, what is 206923 - -3?
206926
In base 10, what is 645 - -255603?
256248
In base 6, what is 20215502 + -35?
20215423
In base 4, what is 31 + 213013302322?
213013303013
In base 6, what is -3314403031 + 5?
-3314403022
In base 8, what is 10236347 + 4?
10236353
In base 6, what is -14 + 55402351?
55402333
In base 12, what is -14b01 + 2373?
-1274a
In base 9, what is -5 - 165744680?
-165744685
In base 2, what is -10111111010000111 + -11110111?
-10111111101111110
In base 9, what is -873508 + -30?
-873538
In base 3, what is 12 + 212201220111?
212201220200
In base 13, what is 5 - 5976a44?
-5976a3c
In base 5, what is -1034001 - 21110?
-1110111
In base 15, what is -4d03c7 - e?
-4d03d6
In base 15, what is 66e - -7eb4?
8633
In base 9, what is 25557084 + 2?
25557086
In base 4, what is 30000301210 + 11?
30000301221
In base 6, what is -1315201 + -241?
-1315442
In base 2, what is 1 - -101110110101001000100110?
101110110101001000100111
In base 15, what is 7690ab - b8?
768ee3
In base 9, what is -652682153 + -4?
-652682157
In base 4, what is 1032032200312 - -22?
1032032201000
In base 11, what is 1 - -30878a80?
30878a81
In base 9, what is 770116110 + -3?
770116106
In base 16, what is 83d6f6 - 3?
83d6f3
In base 13, what is 451a + 3351?
786b
In base 4, what is 10301202202 + 3232?
10301212100
In base 9, what is 2488314 + 106?
2488421
In base 8, what is -1004106313 - 4?
-1004106317
In base 9, what is 5483860 - 7?
5483852
In base 15, what is -10c2 + -8b3cd?
-8c4a0
In base 2, what is -111 + 1000010011110010010100?
1000010011110010001101
In base 15, what is -dda - -13514?
12629
In base 12, what is -11a - -16692?
16574
In base 13, what is b + -149228?
-14921a
In base 14, what is 0 - 67a966?
-67a966
In base 13, what is 12aa2 + 85?
12b57
In base 10, what is 2557277 + -45?
2557232
In base 5, what is 2224103 + -30?
2224023
In base 11, what is -9591 + -115?
-96a6
In base 4, what is -300021301330 - 33?
-300021302023
In base 9, what is -45 - -73074?
73028
In base 14, what is ba679 - -13?
ba68c
In base 11, what is 1091 + 15a3?
2684
In base 16, what is f + -1691a?
-1690b
In base 12, what is 0 + 2442531?
2442531
In base 13, what is 11107 - 8142?
5c95
In base 14, what is 34b31 - 7b?
34a94
In base 4, what 